visor of 4274 and 34.
2
Calculate the highest common factor of 72186 and 13992.
318
Calculate the highest common divisor of 42345 and 16462795.
4705
What is the greatest common factor of 216 and 94215240?
72
What is the greatest common factor of 4830925693 and 293?
293
What is the greatest common divisor of 27993 and 13824027?
903
Calculate the greatest common divisor of 32582 and 85162.
22
Calculate the highest common divisor of 209590616 and 3912.
1304
What is the greatest common factor of 15843658 and 110014?
1642
Calculate the greatest common factor of 13750 and 2893330.
110
Calculate the highest common divisor of 330 and 75941250.
330
What is the highest common factor of 54809138 and 46?
46
Calculate the highest common divisor of 168388152 and 828.
276
Calculate the highest common divisor of 461220 and 1572.
12
Calculate the highest common factor of 12596 and 18512971.
3149
Calculate the highest common divisor of 24048937 and 11372.
2843
What is the greatest common divisor of 570922 and 16324?
22
Calculate the greatest common divisor of 8431959877 and 2563.
2563
What is the greatest common factor of 114555840 and 756?
84
Calculate the greatest common factor of 272 and 197812.
68
What is the greatest common factor of 17644 and 5368?
44
What is the greatest common factor of 12174 and 50905581?
6087
What is the greatest common factor of 14887028 and 936?
52
What is the highest common factor of 207166759 and 944?
59
Calculate the greatest common factor of 414 and 12077622.
414
What is the highest common divisor of 149400 and 1098?
18
Calculate the highest common factor of 3312105 and 6.
3
What is the highest common factor of 1290 and 43396632?
258
What is the greatest common divisor of 1444630 and 220?
110
What is the greatest common divisor of 1570704 and 410736?
2064
What is the greatest common factor of 32 and 5840152?
8
What is the highest common divisor of 24 and 19803864?
24
Calculate the greatest common divisor of 1060075 and 1475.
25
What is the greatest common divisor of 860 and 2791388?
172
What is the highest common factor of 31704 and 389298700?
5284
What is the greatest common divisor of 2592 and 87832?
8
What is the highest common divisor of 1271322 and 23751?
117
Calculate the greatest common factor of 95035422 and 66.
6
What is the greatest common divisor of 26310 and 29855?
5
Calculate the greatest common factor of 24 and 2984.
8
What is the greatest common factor of 18904321 and 7544?
943
Calculate the highest common factor of 10328100 and 82002.
1038
Calculate the greatest common factor of 2 and 82942841.
1
What is the highest common factor of 979812 and 765?
153
Calculate the greatest common factor of 7676 and 78377212.
404
What is the greatest common divisor of 8141490 and 630?
630
Calculate the highest common divisor of 888972383 and 52.
13
Calculate the highest common divisor of 12260665 and 335.
335
Calculate the greatest common divisor of 1126972 and 1624.
28
Calculate the greatest common factor of 286 and 6864429.
143
What is the highest common factor of 137 and 200119873?
137
What is the highest common divisor of 539653810 and 15350?
3070
What is the greatest common divisor of 1319986 and 39566?
146
Calculate the highest common factor of 770226 and 1237954.
2542
What is the highest common divisor of 2928 and 5063244?
732
What is the highest common factor of 26 and 608264813?
13
What is the greatest common factor of 75 and 6739575?
75
Calculate the greatest common factor of 600 and 76850.
50
What is the greatest common factor of 154707152 and 112?
16
What is the highest common divisor of 57143070 and 178600?
8930
What is the highest common factor of 76992616 and 40?
8
What is the highest common factor of 15 and 429626715?
15
What is the highest common divisor of 76292 and 164?
4
What is the highest common divisor of 30017195 and 65?
65
Calculate the highest common divisor of 9682 and 800504.
94
Calculate the greatest common factor of 207804987 and 117.
117
What is the highest common divisor of 47 and 470330081?
47
Calculate the greatest common factor of 56853410 and 10.
10
What is the greatest common factor of 12 and 2732786544?
12
Calculate the greatest common divisor of 12807 and 56313.
9
Calculate the highest common divisor of 253 and 129943.
11
What is the highest common divisor of 198069 and 24720?
309
What is the greatest common factor of 167988 and 7428?
12
Calculate the highest common factor of 77910 and 91875.
735
What is the highest common divisor of 80 and 4143216?
16
Calculate the greatest common divisor of 52 and 399340721.
13
What is the greatest common divisor of 19404980 and 2744?
196
What is the highest common factor of 2 and 670114?
2
Calculate the greatest common divisor of 5070492 and 210.
42
Calculate the greatest common divisor of 995289751 and 3441.
1147
What is the greatest common factor of 659 and 9593063?
659
Calculate the highest common factor of 458655 and 27980.
5
What is the highest common factor of 10096 and 164678380?
2524
Calculate the highest common divisor of 59533 and 518.
37
Calculate the highest common divisor of 72 and 130060116.
36
Calculate the highest common factor of 782072 and 52.
4
Calculate the highest common divisor of 198 and 8325372.
66
Calculate the highest common divisor of 69 and 606890811.
69
What is the greatest common divisor of 606 and 26845800?
606
What is the greatest common factor of 284 and 1179740828?
284
Calculate the greatest common divisor of 4307104 and 100.
4
Calculate the highest common divisor of 13199790 and 549.
183
What is the greatest common factor of 14008 and 45430416?
824
Calculate the highest common divisor of 630168 and 34286.
434
What is the greatest common divisor of 294690 and 654555?
165
Calculate the greatest common factor of 7085 and 15014205.
545
Calculate the highest common factor of 39 and 516134541.
39
Calculate the greatest common divisor of 1216 and 6433184.
32
Calculate the greatest common factor of 1658 and 308044794.
1658
Calculate the highest common factor of 814328632 and 312.
104
What is the highest common factor of 6586 and 53756?
178
What is the greatest common factor of 4798931 and 427?
61
What is the highest common divisor of 51580815 and 121965?
2595
What is the greatest common factor of 1774866 and 1083?
57
What is the highest common factor of 316376 and 568?
568
What is the highest common factor of 16525132 and 58466?
1886
What is the highest common divisor of 20787 and 209059?
41
What is the greatest common factor of 2995944 and 23324?
476
What is the highest common factor of 2397 and 276104837?
799
What is the highest common divisor of 372 and 1970772?
12
What is the highest common factor of 1631597 and 2266?
11
Calculate the greatest common factor of 327460416 and 2289.
327
What is the highest common divisor of 86800 and 180544?
3472
Calculate the highest common divisor of 23518 and 23900702.
2138
Calculate the greatest common factor of 11 and 1146871.
11
What is the highest common factor of 6175124 and 294532?
628
What is the greatest common divisor of 2002 and 1037322?
286
What is the highest common factor of 9563870 and 15?
5
Calculate the greatest common divisor of 215489792 and 798.
266
Calculate the greatest common factor of 2104732 and 476.
28
Calculate the greatest common factor of 52 and 7597798.
26
Calculate the highest common divisor of 10020985 and 1105.
65
Calculate the highest common factor of 4156 and 70571997.
1039
Calculate the highest common factor of 1426 and 775558.
62
Calculate the greatest common factor of 183470583 and 6.
3
Calculate the highest common factor of 4593 and 263373337.
1531
What is the greatest common divisor of 978503 and 527?
17
What is the greatest common factor of 1854544 and 14787?
31
Calculate the greatest common divisor of 24924544 and 544.
32
What is the highest common factor of 8448948 and 1296?
324
What is the greatest common divisor of 538935 and 900055?
305
What is the highest common factor of 356874 and 119798?
14
What is the highest common divisor of 78208 and 8572?
4
Calculate the greatest common divisor of 2624 and 19048928.
1312
Calculate the greatest common divisor of 499122 and 1659.
237
Calculate the highest common factor of 114 and 106913931.
57
Calcula